{"id":885,"date":"2025-01-31T21:03:07","date_gmt":"2025-01-31T21:03:07","guid":{"rendered":"https:\/\/cooperativamaino.com\/?page_id=885"},"modified":"2025-02-11T23:39:42","modified_gmt":"2025-02-11T23:39:42","slug":"caff-idea-vilarino","status":"publish","type":"page","link":"https:\/\/cooperativamaino.com\/index.php\/caff-idea-vilarino\/","title":{"rendered":"CAFF IDEA VILARI\u00d1O"},"content":{"rendered":"\t\t<div data-elementor-type=\"wp-page\" data-elementor-id=\"885\" class=\"elementor elementor-885\">\n\t\t\t\t\t\t<section class=\"elementor-section elementor-top-section elementor-element elementor-element-473dac4 elementor-section-content-middle elementor-section-boxed elementor-section-height-default elementor-section-height-default\" data-id=\"473dac4\" data-element_type=\"section\" data-settings=\"{&quot;background_background&quot;:&quot;gradient&quot;}\">\n\t\t\t\t\t\t\t<div class=\"elementor-background-overlay\"><\/div>\n\t\t\t\t\t\t\t<div class=\"elementor-container elementor-column-gap-no\">\n\t\t\t\t\t<div class=\"elementor-column elementor-col-50 elementor-top-column elementor-element elementor-element-90e8941\" data-id=\"90e8941\" data-element_type=\"column\">\n\t\t\t<div class=\"elementor-widget-wrap elementor-element-populated\">\n\t\t\t\t\t\t<div class=\"elementor-element elementor-element-4dd4252 elementor-widget__width-initial elementor-widget elementor-widget-image\" data-id=\"4dd4252\" data-element_type=\"widget\" data-widget_type=\"image.default\">\n\t\t\t\t<div class=\"elementor-widget-container\">\n\t\t\t\t\t\t\t\t\t\t\t\t\t\t\t<img fetchpriority=\"high\" decoding=\"async\" width=\"944\" height=\"500\" src=\"https:\/\/cooperativamaino.com\/wp-content\/uploads\/2025\/02\/logo_caff_idea_vilarino_2.png\" class=\"attachment-large size-large wp-image-1520\" alt=\"CAFF Idea Vilari\u00f1o\" srcset=\"https:\/\/cooperativamaino.com\/wp-content\/uploads\/2025\/02\/logo_caff_idea_vilarino_2.png 944w, https:\/\/cooperativamaino.com\/wp-content\/uploads\/2025\/02\/logo_caff_idea_vilarino_2-300x159.png 300w, https:\/\/cooperativamaino.com\/wp-content\/uploads\/2025\/02\/logo_caff_idea_vilarino_2-768x407.png 768w, https:\/\/cooperativamaino.com\/wp-content\/uploads\/2025\/02\/logo_caff_idea_vilarino_2-230x122.png 230w, https:\/\/cooperativamaino.com\/wp-content\/uploads\/2025\/02\/logo_caff_idea_vilarino_2-350x185.png 350w, https:\/\/cooperativamaino.com\/wp-content\/uploads\/2025\/02\/logo_caff_idea_vilarino_2-480x254.png 480w\" sizes=\"(max-width: 944px) 100vw, 944px\" \/>\t\t\t\t\t\t\t\t\t\t\t\t\t\t\t<\/div>\n\t\t\t\t<\/div>\n\t\t\t\t\t<\/div>\n\t\t<\/div>\n\t\t\t\t<div class=\"elementor-column elementor-col-50 elementor-top-column elementor-element elementor-element-7a25296\" data-id=\"7a25296\" data-element_type=\"column\">\n\t\t\t<div class=\"elementor-widget-wrap elementor-element-populated\">\n\t\t\t\t\t\t<div class=\"elementor-element elementor-element-69e9c76 elementor-widget__width-initial elementor-widget-mobile__width-initial elementor-widget elementor-widget-text-editor\" data-id=\"69e9c76\" data-element_type=\"widget\" data-widget_type=\"text-editor.default\">\n\t\t\t\t<div class=\"elementor-widget-container\">\n\t\t\t\t\t\t\t\t\t<p style=\"text-align: center;\"><span style=\"background-color: transparent;\"><span style=\"color: #808080;\"><br \/>El objetivo principal es <b>garantizar el derecho<\/b> de cada adolescente a vivir en familia y <b>favorecer su bienestar y desarrollo<\/b> para el acceso al mundo adulto.<\/span><\/span><\/p>\t\t\t\t\t\t\t\t<\/div>\n\t\t\t\t<\/div>\n\t\t\t\t\t<\/div>\n\t\t<\/div>\n\t\t\t\t\t<\/div>\n\t\t<\/section>\n\t\t\t\t<section class=\"elementor-section elementor-top-section elementor-element elementor-element-ee746d7 elementor-section-content-middle elementor-section-boxed elementor-section-height-default elementor-section-height-default\" data-id=\"ee746d7\" data-element_type=\"section\" data-settings=\"{&quot;background_background&quot;:&quot;gradient&quot;}\">\n\t\t\t\t\t\t\t<div class=\"elementor-background-overlay\"><\/div>\n\t\t\t\t\t\t\t<div class=\"elementor-container elementor-column-gap-no\">\n\t\t\t\t\t<div class=\"elementor-column elementor-col-50 elementor-top-column elementor-element elementor-element-9fa403a\" data-id=\"9fa403a\" data-element_type=\"column\">\n\t\t\t<div class=\"elementor-widget-wrap elementor-element-populated\">\n\t\t\t\t\t\t<div class=\"elementor-element elementor-element-aedaaaa elementor-widget__width-initial elementor-widget elementor-widget-text-editor\" data-id=\"aedaaaa\" data-element_type=\"widget\" data-widget_type=\"text-editor.default\">\n\t\t\t\t<div class=\"elementor-widget-container\">\n\t\t\t\t\t\t\t\t\t<p style=\"text-align: center;\"><span style=\"color: #003263;\">El CAFF <span style=\"font-family: var( --e-global-typography-primary-font-family ), Sans-serif; font-weight: var( --e-global-typography-primary-font-weight );\">Idea Vilari\u00f1o es un proyecto ubicado en Tacuaremb\u00f3, dedicado a ofrecer <\/span><span style=\"font-family: var( --e-global-typography-primary-font-family ), Sans-serif;\"><b>atenci\u00f3n integral a adolescentes, as\u00ed como a sus familias<\/b>.<\/span><\/span><\/p><p style=\"text-align: center;\"><span style=\"color: #003263;\">Proporcionamos soluciones tanto transitorias como definitivas para <b>garantizar que las y los adolescentes vivan en un entorno adecuado<\/b> para su pleno desarrollo a trav\u00e9s de nuestra modalidad de hogar residencial.\u00a0<\/span><\/p><p style=\"text-align: center;\"><span style=\"color: #003263;\">Realizamos un <b>seguimiento territorial<\/b> en diversos barrios de Tacuaremb\u00f3, ofreciendo <b>soportes t\u00e9cnicos y materiales <\/b>a familias con adolescentes a su cargo.\u00a0<\/span><\/p><p style=\"text-align: center;\"><span style=\"color: #003263;\">Nos enfocamos en <b>apoyar a las familias<\/b> para que recuperen y fortalezcan sus capacidades de cuidado, asegurando as\u00ed una vida en familia adecuada y saludable. Tambi\u00e9n en que las adolescencias que atendemos puedan desarrollar <strong><b>p<\/b><\/strong><b>royectos de autonom\u00eda<\/b> de acuerdo con sus caracter\u00edsticas, singularidades e intereses. <b>Que se incluyan en la comunidad<\/b> generando nexos con el mundo cultural en el que est\u00e1n inmersos.<\/span><\/p>\t\t\t\t\t\t\t\t<\/div>\n\t\t\t\t<\/div>\n\t\t\t\t\t<\/div>\n\t\t<\/div>\n\t\t\t\t<div class=\"elementor-column elementor-col-50 elementor-top-column elementor-element elementor-element-96438cc\" data-id=\"96438cc\" data-element_type=\"column\">\n\t\t\t<div class=\"elementor-widget-wrap elementor-element-populated\">\n\t\t\t\t\t\t<div class=\"elementor-element elementor-element-6c3bb03 elementor-widget__width-initial elementor-widget elementor-widget-image\" data-id=\"6c3bb03\" data-element_type=\"widget\" data-widget_type=\"image.default\">\n\t\t\t\t<div class=\"elementor-widget-container\">\n\t\t\t\t\t\t\t\t\t\t\t\t\t\t\t<img decoding=\"async\" width=\"650\" height=\"542\" src=\"https:\/\/cooperativamaino.com\/wp-content\/uploads\/2025\/02\/que_hacemos_idea_650.png\" class=\"attachment-large size-large wp-image-1414\" alt=\"\u00bfQu\u00e9 Hacemos?\" srcset=\"https:\/\/cooperativamaino.com\/wp-content\/uploads\/2025\/02\/que_hacemos_idea_650.png 650w, https:\/\/cooperativamaino.com\/wp-content\/uploads\/2025\/02\/que_hacemos_idea_650-300x250.png 300w, https:\/\/cooperativamaino.com\/wp-content\/uploads\/2025\/02\/que_hacemos_idea_650-230x192.png 230w, https:\/\/cooperativamaino.com\/wp-content\/uploads\/2025\/02\/que_hacemos_idea_650-350x292.png 350w, https:\/\/cooperativamaino.com\/wp-content\/uploads\/2025\/02\/que_hacemos_idea_650-480x400.png 480w\" sizes=\"(max-width: 650px) 100vw, 650px\" \/>\t\t\t\t\t\t\t\t\t\t\t\t\t\t\t<\/div>\n\t\t\t\t<\/div>\n\t\t\t\t\t<\/div>\n\t\t<\/div>\n\t\t\t\t\t<\/div>\n\t\t<\/section>\n\t\t\t\t<section class=\"elementor-section elementor-top-section elementor-element elementor-element-082f192 elementor-section-content-middle elementor-section-boxed elementor-section-height-default elementor-section-height-default\" data-id=\"082f192\" data-element_type=\"section\" data-settings=\"{&quot;background_background&quot;:&quot;classic&quot;}\">\n\t\t\t\t\t\t\t<div class=\"elementor-background-overlay\"><\/div>\n\t\t\t\t\t\t\t<div class=\"elementor-container elementor-column-gap-no\">\n\t\t\t\t\t<div class=\"elementor-column elementor-col-100 elementor-top-column elementor-element elementor-element-bfce75d\" data-id=\"bfce75d\" data-element_type=\"column\">\n\t\t\t<div class=\"elementor-widget-wrap elementor-element-populated\">\n\t\t\t\t\t\t<div class=\"elementor-element elementor-element-e50d785 elementor-widget__width-initial elementor-widget elementor-widget-text-editor\" data-id=\"e50d785\" data-element_type=\"widget\" data-widget_type=\"text-editor.default\">\n\t\t\t\t<div class=\"elementor-widget-container\">\n\t\t\t\t\t\t\t\t\t<p style=\"text-align: center;\"><span style=\"background-color: var( --e-global-color-38814e8c ); color: #595959; font-family: var( --e-global-typography-primary-font-family ), Sans-serif;\"><b>Nuestras estrategias de intervenci\u00f3n y atenci\u00f3n<\/b><\/span><span style=\"background-color: var( --e-global-color-38814e8c ); color: #595959; font-family: var( --e-global-typography-primary-font-family ), Sans-serif; font-weight: var( --e-global-typography-primary-font-weight );\"> se fu<\/span><span style=\"background-color: var( --e-global-color-38814e8c ); color: #595959; font-family: var( --e-global-typography-primary-font-family ), Sans-serif;\">ndamentan en el <b>respeto por la diversidad y la promoci\u00f3n de pr\u00e1cticas \u00e9ticas<\/b><\/span><span style=\"background-color: var( --e-global-color-38814e8c ); color: #595959; font-family: var( --e-global-typography-primary-font-family ), Sans-serif; font-weight: var( --e-global-typography-primary-font-weight );\"> que aseguren las mejores condiciones posibles para las y los adolescentes. Estamos comprometidos con la <\/span><span style=\"background-color: var( --e-global-color-38814e8c ); color: #595959; font-family: var( --e-global-typography-primary-font-family ), Sans-serif;\"><b>formaci\u00f3n y la evaluaci\u00f3n constante de nuestros agentes <\/b>interventores<\/span><span style=\"background-color: var( --e-global-color-38814e8c ); color: #595959; font-family: var( --e-global-typography-primary-font-family ), Sans-serif; font-weight: var( --e-global-typography-primary-font-weight );\"> para asegurar un <\/span><span style=\"background-color: var( --e-global-color-38814e8c ); color: #595959; font-family: var( --e-global-typography-primary-font-family ), Sans-serif;\"><b>trabajo profesional y sensible.<\/b><\/span><\/p><p style=\"text-align: center;\"><span style=\"color: #595959;\">Trabajamos para generar y fomentar <b>cambios positivos<\/b> mediante la construcci\u00f3n de <b>v\u00ednculos significativos, de calidad y cercanos<\/b>. Creemos que una pr\u00e1ctica social profesional efectiva debe estar basada en la afectividad y el compromiso, entendiendo que el acceso a la cultura y la comunidad debe estar facilitado para ampliar el mundo simb\u00f3lico y material de las adolescencias.\u00a0<\/span><\/p><p style=\"text-align: center;\"><span style=\"background-color: var( --e-global-color-38814e8c ); color: #595959;\">Nuestro objetivo es generar acciones para que las <b>adolescencias disfruten de un desarrollo integral y pleno, que accedan a las mejores acciones posibles para garantizar su inserci\u00f3n en la sociedad.<\/b><\/span><\/p>\t\t\t\t\t\t\t\t<\/div>\n\t\t\t\t<\/div>\n\t\t\t\t\t<\/div>\n\t\t<\/div>\n\t\t\t\t\t<\/div>\n\t\t<\/section>\n\t\t\t\t<\/div>\n\t\t","protected":false},"excerpt":{"rendered":"<p>El objetivo principal es garantizar el derecho de cada adolescente a vivir en familia y favorecer su bienestar y desarrollo para el acceso al mundo [&hellip;]<\/p>\n","protected":false},"author":1,"featured_media":0,"parent":0,"menu_order":0,"comment_status":"closed","ping_status":"closed","template":"page-templates\/page_front-page.php","meta":{"footnotes":""},"class_list":["post-885","page","type-page","status-publish","hentry"],"_links":{"self":[{"href":"https:\/\/cooperativamaino.com\/index.php\/wp-json\/wp\/v2\/pages\/885","targetHints":{"allow":["GET"]}}],"collection":[{"href":"https:\/\/cooperativamaino.com\/index.php\/wp-json\/wp\/v2\/pages"}],"about":[{"href":"https:\/\/cooperativamaino.com\/index.php\/wp-json\/wp\/v2\/types\/page"}],"author":[{"embeddable":true,"href":"https:\/\/cooperativamaino.com\/index.php\/wp-json\/wp\/v2\/users\/1"}],"replies":[{"embeddable":true,"href":"https:\/\/cooperativamaino.com\/index.php\/wp-json\/wp\/v2\/comments?post=885"}],"version-history":[{"count":109,"href":"https:\/\/cooperativamaino.com\/index.php\/wp-json\/wp\/v2\/pages\/885\/revisions"}],"predecessor-version":[{"id":1721,"href":"https:\/\/cooperativamaino.com\/index.php\/wp-json\/wp\/v2\/pages\/885\/revisions\/1721"}],"wp:attachment":[{"href":"https:\/\/cooperativamaino.com\/index.php\/wp-json\/wp\/v2\/media?parent=885"}],"curies":[{"name":"wp","href":"https:\/\/api.w.org\/{rel}","templated":true}]}}